culate the highest common divisor of 20 and 70.
10
What is the greatest common factor of 91 and 819?
91
Calculate the greatest common divisor of 66 and 1188.
66
Calculate the greatest common divisor of 14 and 1260.
14
Calculate the highest common divisor of 1312 and 779.
41
What is the highest common factor of 152 and 57?
19
Calculate the greatest common factor of 1015 and 29.
29
Calculate the highest common factor of 70 and 154.
14
What is the highest common divisor of 4325 and 25?
25
Calculate the greatest common factor of 88 and 99.
11
What is the greatest common divisor of 13376 and 220?
44
What is the greatest common divisor of 7 and 1043?
7
What is the highest common divisor of 1722 and 462?
42
Calculate the greatest common factor of 451 and 287.
41
What is the highest common divisor of 876 and 5037?
219
What is the greatest common factor of 17 and 1037?
17
What is the greatest common factor of 72 and 90?
18
What is the highest common factor of 15 and 3855?
15
What is the highest common factor of 3646 and 2?
2
Calculate the greatest common divisor of 1 and 285.
1
What is the highest common divisor of 22 and 9526?
22
Calculate the greatest common factor of 335 and 134.
67
What is the highest common factor of 9 and 16?
1
Calculate the highest common divisor of 45 and 9615.
15
What is the greatest common factor of 48 and 36?
12
What is the highest common divisor of 23 and 1288?
23
What is the highest common factor of 651 and 147?
21
What is the greatest common factor of 460 and 60?
20
Calculate the greatest common factor of 224 and 64.
32
Calculate the highest common factor of 8 and 5.
1
Calculate the greatest common divisor of 192 and 264.
24
Calculate the highest common divisor of 2175 and 609.
87
What is the greatest common factor of 6 and 26?
2
Calculate the greatest common divisor of 19 and 72143.
19
What is the greatest common factor of 249 and 747?
249
What is the highest common factor of 45629 and 103?
103
Calculate the highest common factor of 5 and 1555.
5
What is the highest common divisor of 18 and 204?
6
Calculate the greatest common divisor of 2232 and 216.
72
What is the highest common divisor of 2028 and 78?
78
Calculate the highest common divisor of 16 and 208.
16
What is the greatest common divisor of 119 and 14875?
119
Calculate the greatest common divisor of 1008 and 1288.
56
What is the highest common divisor of 374 and 102?
34
Calculate the greatest common divisor of 2378 and 82.
82
Calculate the highest common divisor of 1893 and 3.
3
What is the highest common divisor of 16 and 5?
1
What is the highest common factor of 48 and 21?
3
Calculate the greatest common factor of 54 and 9.
9
Calculate the greatest common factor of 400 and 80.
80
What is the greatest common divisor of 198 and 18?
18
Calculate the greatest common factor of 418 and 190.
38
Calculate the greatest common divisor of 60 and 4548.
12
Calculate the greatest common divisor of 2 and 219.
1
What is the highest common divisor of 2455 and 5?
5
Calculate the highest common factor of 629 and 37.
37
What is the greatest common factor of 108 and 54?
54
Calculate the greatest common divisor of 1083 and 95.
19
What is the highest common factor of 30 and 4470?
30
What is the greatest common factor of 14 and 4627?
7
What is the greatest common factor of 3816 and 36?
36
Calculate the highest common divisor of 13 and 624.
13
What is the highest common divisor of 6 and 9?
3
Calculate the highest common divisor of 10 and 130.
10
What is the highest common factor of 470 and 20?
10
Calculate the highest common divisor of 19 and 1.
1
What is the highest common factor of 55 and 5?
5
What is the greatest common factor of 2358 and 9?
9
Calculate the highest common divisor of 104 and 169.
13
What is the highest common divisor of 8 and 1208?
8
What is the greatest common factor of 3 and 15?
3
Calculate the highest common divisor of 3 and 103.
1
What is the highest common divisor of 685 and 70?
5
Calculate the highest common divisor of 4 and 4.
4
Calculate the highest common divisor of 355 and 15.
5
What is the greatest common factor of 476 and 2618?
238
What is the greatest common factor of 12 and 243?
3
What is the highest common divisor of 2871 and 1980?
99
What is the greatest common divisor of 368 and 460?
92
Calculate the greatest common divisor of 73 and 1168.
73
What is the greatest common divisor of 132 and 2?
2
What is the greatest common factor of 3151 and 23?
23
Calculate the highest common divisor of 1210 and 110.
110
What is the highest common factor of 147 and 168?
21
Calculate the highest common factor of 34 and 6.
2
Calculate the greatest common divisor of 43 and 559.
43
Calculate the highest common divisor of 20 and 490.
10
Calculate the greatest common divisor of 15 and 555.
15
What is the greatest common factor of 268 and 8?
4
What is the greatest common divisor of 1207 and 68?
17
Calculate the greatest common divisor of 56 and 4718.
14
Calculate the highest common divisor of 3 and 24.
3
Calculate the greatest common factor of 80 and 1000.
40
Calculate the greatest common factor of 102 and 18.
6
Calculate the highest common factor of 2356 and 620.
124
Calculate the greatest common factor of 4982 and 1128.
94
What is the greatest common divisor of 4172 and 84?
28
What is the greatest common divisor of 9 and 333?
9
Calculate the greatest common divisor of 4 and 144.
4
What is the greatest common factor of 169 and 494?
13
Calculate the highest common factor of 290 and 754.
58
Calculate the highest common divisor of 20 and 3460.
20
What is the greatest common factor of 35 and 22855?
35
What is the greatest common factor of 28 and 8519?
7
What is the highest common factor of 87073 and 49?
49
Calculate the highest common factor of 291 and 9991.
97
Calculate the greatest common factor of 702 and 162.
54
What is the greatest common divisor of 18 and 306?
18
Calculate the highest common factor of 324 and 18.
18
What is the highest common divisor of 232 and 319?
29
Calculate the greatest common divisor of 160 and 128.
32
Calculate the greatest common divisor of 459 and 272.
17
Calculate the highest common divisor of 34 and 34.
34
What is the highest common factor of 70 and 190?
10
Calculate the highest common factor of 264 and 72.
24
What is the greatest common divisor of 57 and 228?
57
Calculate the highest common factor of 8 and 536.
8
Calculate the greatest common divisor of 1890 and 60.
30
Calculate the greatest common factor of 441 and 98.
49
Calculate the greatest common divisor of 9576 and 112.
56
Calculate the highest common factor of 14660 and 40.
20
What is the highest common factor of 32 and 2804?
4
What is the greatest common divisor of 489 and 3?
3
Calculate the greatest common divisor of 897 and 276.
69
Calculate the highest common divisor of 1056 and 768.
96
What is the greatest common factor of 2093 and 273?
91
What is the highest common factor of 240 and 255?
15
Calculate the highest common factor of 33 and 759.
33
Calculate the greatest common divisor of 112 and 1792.
112
What is the greatest common divisor of 21 and 20013?
21
What is the highest common divisor of 529 and 23?
23
What is the highest common divisor of 637 and 5390?
49
Calculate the highest common divisor of 148 and 34780.
148
What is the greatest common divisor of 474 and 6?
6
What is the highest common factor of 50 and 320?
10
Calculate the highest common factor of 1947 and 3186.
177
Calculate the greatest common divisor of 735 and 630.
105
Calculate the highest common divisor of 15 and 895.
5
Calculate the highest common divisor of 33 and 8899.
11
What is the highest common divisor of 1394 and 34?
34
Calculate the highest common divisor of 234 and 26.
26
What is the highest common factor of 1121 and 413?
59
Calculate the highest common divisor of 2826 and 18.
18
Calculate the greatest common divisor of 19062 and 108.
54
What is the highest common factor of 106 and 848?
106
Calculate the greatest common divisor of 37 and 1961.
37
Calculate the greatest common factor of 194 and 23765.
97
What is the highest common factor of 56 and 536?
8
Calculate the greatest common factor of 6391 and 154.
77
Calculate the highest common factor of 6 and 159.
3
What is the greatest common divisor